st common factor of w and 13?
13
Suppose -3*d + b + 13 = d, b = -d + 7. Let c be 42/d + 1/(-2). What is the greatest common divisor of c and 110?
10
Suppose -5*p + 2*g = 7*g - 215, -2*p = 4*g - 90. Calculate the greatest common factor of 41 and p.
41
Let o = -1 - 0. Let g be 88*1/o*-1. Calculate the greatest common divisor of g and 11.
11
Let o be (12 + 0)*1 - 2. Let c = 25 - o. Let v be 42/c*(1 - -24). What is the greatest common factor of v and 14?
14
Let x(d) = d**2 + 5*d - 15. Let h(j) = -j. Let o(b) = -4*h(b) - x(b). Let l be o(0). Calculate the highest common divisor of l and 10.
5
Let w = -15 - -120. Let d be (-5)/((-8)/24 - (1 + -1)). Calculate the greatest common factor of d and w.
15
Let l be 7*(-1 + -1 + 3). What is the greatest common factor of 77 and l?
7
Suppose -f + 0 - 2 = 0, 2*q + 2*f + 6 = 0. Let j be (102*(q + 0))/(-2). What is the greatest common factor of j and 17?
17
Let t = 4 + 6. Suppose 0 = 2*h - d - d - 28, h - 2*d = t. Suppose 30 = -4*l + 246. What is the greatest common factor of h and l?
18
Let y = -9 - -16. Let m(l) = 3*l**2 + 2*l - 2. Let d = -6 - -8. Let a be m(d). What is the highest common divisor of y and a?
7
Let l be 4 + (-490)/(-1 - 4). Calculate the highest common divisor of 255 and l.
51
Suppose -6*k = -2*k - 24. Suppose -4*y - k + 146 = 0. Calculate the greatest common factor of 7 and y.
7
Let o = 0 + 4. Suppose -3*l = 3*y - 2*l + 41, 2*y + 3*l + 25 = 0. Let d = y - -58. What is the greatest common factor of d and o?
4
Suppose 0*d = -2*d + 3*x + 669, 4*x + 1336 = 4*d. Let l = 480 - d. Let u = 323 - l. Calculate the highest common divisor of u and 16.
16
Let h(y) = 2*y**2 - y + 20. Let v be h(0). Calculate the highest common factor of v and 4.
4
Let j = 33 - 22. Let f(g) = 2*g + 18. Let k be f(13). What is the highest common factor of j and k?
11
Suppose -2*x = -0*x, 0 = g + x - 42. What is the highest common divisor of g and 105?
21
Suppose -10*g + 12 = -7*g. Calculate the highest common divisor of 12 and g.
4
Let u(p) = p**3 + 17*p**2 + 16*p + 2. Let f be u(-16). Let q(a) = -a**2 - 8*a + 1. Let l be q(-7). Calculate the greatest common factor of f and l.
2
Suppose -11*z = 4*z - 30. What is the greatest common divisor of 1 and z?
1
Suppose -3*z = -p + 75, 0*z - 405 = -5*p + 5*z. What is the greatest common divisor of p and 21?
21
Let y be (-2 + 4/2)/2. Suppose 2*g - g = y. Let i = 3 - g. What is the highest common divisor of 18 and i?
3
Suppose -6*g + 20 = -g. Suppose 5*t - 46 = 314. Suppose g*a = -0*a + t. Calculate the greatest common factor of a and 45.
9
Suppose -21*u - 56 = -25*u. Calculate the highest common divisor of u and 28.
14
Let j(b) be the first derivative of b - 1/2*b**2 + 0*b**3 - 1 + 3*b**4. Let f be j(1). What is the greatest common factor of f and 24?
12
Let w(r) = -r**2 - 7*r. Let h be w(-6). Suppose 0 = 3*k - 4*k + 42. Calculate the highest common factor of k and h.
6
Suppose b - 78 = -b. Calculate the highest common divisor of b and 13.
13
Suppose 3*d - 4*n = 30 + 16, -56 = -4*d + 4*n. What is the greatest common factor of d and 2?
2
Suppose 0 = -5*v + 79 - 9. Let f be ((-54)/21)/((-3)/v). What is the greatest common factor of 84 and f?
12
Suppose -2*z = 4*y - 100, 2*y = -3*z - 2*y + 148. Calculate the greatest common divisor of z and 32.
16
Suppose 104 = 23*i - 15*i. What is the highest common divisor of 26 and i?
13
Let f be 645/10 + (-12)/(-8). What is the highest common factor of 6 and f?
6
Suppose 95 = -3*x + 4*x. Let p(u) = 39*u**2 - u. Let o be p(1). Calculate the highest common factor of o and x.
19
Suppose -96 + 18 = -5*p - 4*a, -5*p = -3*a - 64. Calculate the highest common factor of p and 21.
7
Let b(o) = o**2 - 6*o - 8. Let d be b(6). Let c be 100/7 - d/(-28). What is the greatest common factor of 112 and c?
14
Let r(d) = -d**2 + 4*d + 3. Let f be r(4). Suppose -5*g + 65 = f*c + 2*c, -2*c - 30 = -5*g. Let w = 13 - g. What is the greatest common divisor of w and 5?
5
Suppose -4*g - b - 19 = 0, 3*g + 2*b + 27 = -3*b. Let x be 2/8 - 27/g. Let u = 1 + 6. Calculate the highest common divisor of x and u.
7
Let n(t) = t**3 - t**2 + 2*t - 1. Let g(s) = s**3 - 7*s**2 - 6. Let j be g(7). Let i = j - -8. Let q be n(i). What is the greatest common divisor of 56 and q?
7
Let b be (-8)/(-3) - (-4)/(-6). Let s(n) = b*n - 4*n + 12 + n. Let k be s(0). Calculate the greatest common factor of 30 and k.
6
Let j(l) = l**3 - 6*l**2 + l. Let x be j(7). Suppose -5 - 15 = -3*u + 4*d, 0 = -2*u - 3*d + 19. What is the greatest common factor of x and u?
8
Suppose 5*h = -4 + 24. Suppose 5*a = 6*t - 3*t - h, 3*t = -a + 28. Let m(v) = 3*v - 2. Let f be m(2). Calculate the highest common factor of f and t.
4
Let j be (-2)/4*-2 - 1. Suppose j = 5*k - 4*r + 26 + 21, 4*k + 46 = -r. Let g = k - -21. What is the highest common factor of 70 and g?
10
Suppose 2*n = 3*n - 72. Calculate the highest common factor of n and 8.
8
Suppose 4*u = -2*f - 10, 5*f + 0 = 4*u + 17. Let a = 5 + u. What is the highest common factor of 14 and a?
2
Let m = -223 - -439. What is the highest common factor of m and 27?
27
Let t be -3 - (-4 - 2) - -4. Let q = t + -4. What is the highest common divisor of q and 1?
1
Let l be (-13*2)/(-2) - 1. Let o be (-2)/(-8) + 21/l. Calculate the highest common factor of 2 and o.
2
Let r be 8/28 - (-89)/7. Suppose 5*i - 103 + r = 0. Calculate the highest common divisor of i and 18.
18
Suppose -5*m = -238 - 7. Calculate the greatest common divisor of m and 98.
49
Let a = -11 - -18. Suppose -g = -0*g - 5. Suppose 0 = -g*m + t + 135, 5*m = 3*t - 0*t + 125. Calculate the greatest common divisor of m and a.
7
Suppose 3*f + 156 = 7*f. Calculate the highest common divisor of 351 and f.
39
Suppose -5*d + 22 = -2*q - 57, d - 3*q - 8 = 0. What is the highest common factor of d and 153?
17
Suppose 4*u = 32 + 208. What is the highest common factor of u and 15?
15
Let o be 4/(-18) - (573/(-27) + 0). Calculate the greatest common divisor of o and 6.
3
Let z be 2/(-6)*-24*1. Suppose 0 = r - 0*r - 16. What is the highest common factor of z and r?
8
Let x = 19 - -7. Calculate the highest common divisor of 286 and x.
26
Suppose 10 + 74 = 3*d. Let n be 8/d - (-1000)/28. Calculate the greatest common divisor of n and 12.
12
Let m = -38 - -60. Suppose -m = r - 62. What is the greatest common factor of r and 10?
10
Suppose -6*x + 68 = -2*x. What is the greatest common factor of x and 17?
17
Suppose -4*u = -2*t + 6, 7 + 0 = -t + 4*u. Let b be 2*(-2 + 138/4). What is the greatest common divisor of t and b?
13
Suppose -v + 2 + 5 = 0. Calculate the greatest common factor of v and 49.
7
Let z(o) = o**3 - o**2 - o - 2. Let b be z(2). Let c(h) = h + 13. Let i be c(b). What is the highest common factor of i and 39?
13
Let r be (0 - -11) + 1 - 36/12. Calculate the highest common divisor of 54 and r.
9
Suppose -4*c + 300 = 2*c. What is the greatest common factor of 10 and c?
10
Let s(c) = c**3 - 5*c**2 + 5*c - 3. Let h be s(4). Let t be (2/4)/(3/18). Let v be t/1*1/h. Calculate the greatest common factor of 6 and v.
3
Suppose -18 - 6 = -6*y. What is the greatest common factor of 32 and y?
4
Let t = 278 - 197. Calculate the highest common factor of t and 9.
9
Let x be (-4)/10 + (-52)/(-5). What is the greatest common factor of x and 10?
10
Let f = 2 + 13. Let o = -138 + 198. What is the highest common divisor of o and f?
15
Suppose -f = 5*o - 35, -4*f - 20 = -8*f. What is the greatest common factor of o and 24?
6
Let b = 1 - -9. Calculate the greatest common factor of b and 1.
1
Let f(l) = -l**2 + 7*l - 4. Let r be f(6). Suppose 2*i = -2*a, -2*i + 3*i + 9 = r*a. Calculate the highest common divisor of a and 24.
3
Suppose 5*c - 3*j = 321, 4*c + 3*j - j = 248. Let q = -17 - -25. Suppose -h + q = 1. Calculate the highest common factor of c and h.
7
Let b be ((-108)/20 + 0)/((-4)/20). What is the highest common factor of 81 and b?
27
Let s be 4*(3 - (-21)/(-4)). Let o = 19 + s. Let j be 2/4 - (-98)/4. What is the greatest common factor of j and o?
5
Suppose 2*v - 16 = -2*v. Suppose -n = v*s - 5*s - 119, -4*s = -5*n + 593. Suppose 0 = 4*i - n + 37. What is the greatest common factor of 50 and i?
10
Let i be (0 + -3)/(2 - 3). Suppose -2*g - 4 = -i*f, 2*f + g - 24 = -3*f. What is the greatest common factor of f and 1?
1
Suppose 5